{"id":167,"date":"2017-07-09T14:57:17","date_gmt":"2017-07-09T12:57:17","guid":{"rendered":"https:\/\/www.skiclub-neunkirchen.de\/?page_id=167"},"modified":"2026-01-24T15:27:25","modified_gmt":"2026-01-24T14:27:25","slug":"skikeller","status":"publish","type":"page","link":"https:\/\/www.skiclub-neunkirchen.de\/?page_id=167","title":{"rendered":"Skiclubkeller"},"content":{"rendered":"<p><span style=\"font-family: verdana, geneva, sans-serif;\">Wir laden alle herzlich ein, gemeinsam einen stimmungsvollen Abend in gem\u00fctlicher Atmosph\u00e4re zu verbringen! Die Skiabteilung \u00f6ffnet am <span style=\"color: #ff6600;\"><strong>Freitag, 12. Dezember 2025<\/strong><\/span>, ihren Kellerbetrieb. Von 18.00 bis 22.00 Uhr, bei guter Stimmung auch l\u00e4nger, erwartet die Besucherinnen und Besucher ein geselliger Winterabend. Wer zuvor \u00fcber den Neunkirchner Weihnachtsmarkt spaziert, kann anschlie\u00dfend gerne bei uns einkehren, um sich aufzuw\u00e4rmen.<\/span><\/p>\n<p><span style=\"font-family: verdana, geneva, sans-serif;\">Es gibt Wienerle, Brezen, Butter und Gl\u00fchwein sowie das gewohnte Getr\u00e4nkeangebot. Die Bewirtung \u00fcbernehmen Teile unseres Vorstandes und \u00dcbungsleiter.<\/span><\/p>\n<p><span style=\"font-family: verdana, geneva, sans-serif;\">Die weiteren Termine stehen ebenfalls fest: <span style=\"color: #ff6600;\"><strong>Freitag, 23.01.2026 und Freitag, 27.02.2026<\/strong><\/span>.<\/span><\/p>\n<p><span style=\"font-family: verdana, geneva, sans-serif;\"><strong><em>Wir freuen uns auf Euch!<\/em><\/strong><\/span><\/p>\n<p>&nbsp;<\/p>\n<p>&nbsp;<\/p>\n<p>&nbsp;<\/p>\n","protected":false},"excerpt":{"rendered":"<p>Wir laden alle herzlich ein, gemeinsam einen stimmungsvollen Abend in gem\u00fctlicher Atmosph\u00e4re zu verbringen! Die Skiabteilung \u00f6ffnet am Freitag, 12. Dezember 2025, ihren Kellerbetrieb. Von 18.00 bis 22.00 Uhr, bei <a class=\"more-link\" href=\"https:\/\/www.skiclub-neunkirchen.de\/?page_id=167\">weiterlesen&#8230;<\/a><\/p>\n","protected":false},"author":1,"featured_media":0,"parent":0,"menu_order":10,"comment_status":"closed","ping_status":"closed","template":"","meta":{"footnotes":""},"class_list":["post-167","page","type-page","status-publish","hentry"],"_links":{"self":[{"href":"https:\/\/www.skiclub-neunkirchen.de\/index.php?rest_route=\/wp\/v2\/pages\/167","targetHints":{"allow":["GET"]}}],"collection":[{"href":"https:\/\/www.skiclub-neunkirchen.de\/index.php?rest_route=\/wp\/v2\/pages"}],"about":[{"href":"https:\/\/www.skiclub-neunkirchen.de\/index.php?rest_route=\/wp\/v2\/types\/page"}],"author":[{"embeddable":true,"href":"https:\/\/www.skiclub-neunkirchen.de\/index.php?rest_route=\/wp\/v2\/users\/1"}],"replies":[{"embeddable":true,"href":"https:\/\/www.skiclub-neunkirchen.de\/index.php?rest_route=%2Fwp%2Fv2%2Fcomments&post=167"}],"version-history":[{"count":14,"href":"https:\/\/www.skiclub-neunkirchen.de\/index.php?rest_route=\/wp\/v2\/pages\/167\/revisions"}],"predecessor-version":[{"id":1683,"href":"https:\/\/www.skiclub-neunkirchen.de\/index.php?rest_route=\/wp\/v2\/pages\/167\/revisions\/1683"}],"wp:attachment":[{"href":"https:\/\/www.skiclub-neunkirchen.de\/index.php?rest_route=%2Fwp%2Fv2%2Fmedia&parent=167"}],"curies":[{"name":"wp","href":"https:\/\/api.w.org\/{rel}","templated":true}]}}