{"id":169,"date":"2017-07-09T14:57:42","date_gmt":"2017-07-09T12:57:42","guid":{"rendered":"https:\/\/www.skiclub-neunkirchen.de\/?page_id=169"},"modified":"2024-05-14T16:26:37","modified_gmt":"2024-05-14T14:26:37","slug":"wir-ueber-uns","status":"publish","type":"page","link":"https:\/\/www.skiclub-neunkirchen.de\/?page_id=169","title":{"rendered":"Wir \u00fcber uns"},"content":{"rendered":"<p><strong><span style=\"font-family: verdana,geneva,sans-serif;\"><em>1. Skiclub Neunkirchen<\/em><br \/>\n<em>Postfach 9<\/em><br \/>\n<em>91075 Neunkirchen am Brand<\/em><\/span><\/strong><\/p>\n<p>&nbsp;<\/p>\n<hr \/>\n<p><img loading=\"lazy\" decoding=\"async\" class=\"alignnone wp-image-509\" src=\"https:\/\/www.skiclub-neunkirchen.de\/wp-content\/uploads\/2018\/05\/Friedrich-Sylli-219x300.jpeg\" alt=\"\" width=\"128\" height=\"175\" srcset=\"https:\/\/www.skiclub-neunkirchen.de\/wp-content\/uploads\/2018\/05\/Friedrich-Sylli-219x300.jpeg 219w, https:\/\/www.skiclub-neunkirchen.de\/wp-content\/uploads\/2018\/05\/Friedrich-Sylli.jpeg 599w\" sizes=\"auto, (max-width: 128px) 100vw, 128px\" \/><\/p>\n<p><span style=\"font-family: verdana,geneva,sans-serif;\">Sylvia Mehl\u00a0 (1. Vorsitzende)<\/span><br \/>\n<span style=\"font-family: verdana,geneva,sans-serif;\"> E-Mail: <a href=\"mailto:vorstand@skiclub-neunkirchen.de\">vorstand@skiclub-neunkirchen.de<\/a><\/span><\/p>\n<hr \/>\n<p><img loading=\"lazy\" decoding=\"async\" class=\"alignnone wp-image-1512\" src=\"https:\/\/www.skiclub-neunkirchen.de\/wp-content\/uploads\/2024\/05\/Christian-195x300.jpg\" alt=\"\" width=\"126\" height=\"194\" srcset=\"https:\/\/www.skiclub-neunkirchen.de\/wp-content\/uploads\/2024\/05\/Christian-195x300.jpg 195w, https:\/\/www.skiclub-neunkirchen.de\/wp-content\/uploads\/2024\/05\/Christian.jpg 417w\" sizes=\"auto, (max-width: 126px) 100vw, 126px\" \/><\/p>\n<p><span style=\"font-family: verdana, geneva, sans-serif;\">Christian Engelhard (2. Vorsitzender)<br \/>\n<\/span><span style=\"font-family: verdana, geneva, sans-serif;\"> E-Mail: <a href=\"mailto:vorstand@skiclub-neunkirchen.de\">vorstand@skiclub-neunkirchen.de<\/a><\/span><\/p>\n<hr \/>\n<p><img loading=\"lazy\" decoding=\"async\" class=\"alignnone wp-image-1513\" src=\"https:\/\/www.skiclub-neunkirchen.de\/wp-content\/uploads\/2024\/05\/Marius-277x300.jpg\" alt=\"\" width=\"136\" height=\"148\" srcset=\"https:\/\/www.skiclub-neunkirchen.de\/wp-content\/uploads\/2024\/05\/Marius-277x300.jpg 277w, https:\/\/www.skiclub-neunkirchen.de\/wp-content\/uploads\/2024\/05\/Marius.jpg 590w\" sizes=\"auto, (max-width: 136px) 100vw, 136px\" \/><\/p>\n<p><span style=\"font-family: verdana,geneva,sans-serif;\">Marius Macarei\u00a0(3. Vorsitzender &amp; Kassenwart)<\/span><span style=\"font-family: verdana,geneva,sans-serif;\"><br \/>\n<\/span><span style=\"font-family: verdana, geneva, sans-serif;\">E-Mail: <\/span><a href=\"mailto:vorstand@skiclub-neunkirchen.de\"><span style=\"font-family: verdana, geneva, sans-serif;\">vorstand@skiclub-neunkirchen.de<\/span><\/a><\/p>\n<hr \/>\n<p><img loading=\"lazy\" decoding=\"async\" class=\"alignnone wp-image-1316\" src=\"https:\/\/www.skiclub-neunkirchen.de\/wp-content\/uploads\/2023\/05\/Niklas-225x300.jpg\" alt=\"\" width=\"151\" height=\"201\" srcset=\"https:\/\/www.skiclub-neunkirchen.de\/wp-content\/uploads\/2023\/05\/Niklas-225x300.jpg 225w, https:\/\/www.skiclub-neunkirchen.de\/wp-content\/uploads\/2023\/05\/Niklas-768x1024.jpg 768w, https:\/\/www.skiclub-neunkirchen.de\/wp-content\/uploads\/2023\/05\/Niklas-1152x1536.jpg 1152w, https:\/\/www.skiclub-neunkirchen.de\/wp-content\/uploads\/2023\/05\/Niklas-1536x2048.jpg 1536w, https:\/\/www.skiclub-neunkirchen.de\/wp-content\/uploads\/2023\/05\/Niklas-scaled.jpg 1920w\" sizes=\"auto, (max-width: 151px) 100vw, 151px\" \/><\/p>\n<p><span style=\"font-family: verdana,geneva,sans-serif;\">Niklas Oeke (Leiter der DSV-Skischule beim 1. SCN)<\/span><br \/>\n<span style=\"font-family: verdana,geneva,sans-serif;\">E-Mail: <a href=\"mailto:skischule@skiclub-neunkirchen.de\">skischule@skiclub-neunkirchen.de<\/a><\/span><\/p>\n<hr \/>\n<p><img loading=\"lazy\" decoding=\"async\" class=\"alignnone wp-image-1253\" src=\"https:\/\/www.skiclub-neunkirchen.de\/wp-content\/uploads\/2023\/01\/Matthias-Koehler-trimm-300x279.jpg\" alt=\"\" width=\"179\" height=\"167\" srcset=\"https:\/\/www.skiclub-neunkirchen.de\/wp-content\/uploads\/2023\/01\/Matthias-Koehler-trimm-300x279.jpg 300w, https:\/\/www.skiclub-neunkirchen.de\/wp-content\/uploads\/2023\/01\/Matthias-Koehler-trimm.jpg 422w\" sizes=\"auto, (max-width: 179px) 100vw, 179px\" \/><\/p>\n<p><span style=\"font-family: verdana, geneva, sans-serif;\">Matthias K\u00f6hler (Leiter Fahrten)<\/span><br \/>\n<span style=\"font-family: verdana, geneva, sans-serif;\">E-Mail: <a href=\"mailto:fahrten@skiclub-neunkirchen.de\">fahrten@skiclub-neunkirchen.de<\/a><\/span><\/p>\n<hr \/>\n<p><img loading=\"lazy\" decoding=\"async\" class=\"alignnone wp-image-905\" src=\"https:\/\/www.skiclub-neunkirchen.de\/wp-content\/uploads\/2020\/10\/Uwe-Bild-HP-169x300.jpg\" alt=\"\" width=\"128\" height=\"228\" srcset=\"https:\/\/www.skiclub-neunkirchen.de\/wp-content\/uploads\/2020\/10\/Uwe-Bild-HP-169x300.jpg 169w, https:\/\/www.skiclub-neunkirchen.de\/wp-content\/uploads\/2020\/10\/Uwe-Bild-HP-576x1024.jpg 576w, https:\/\/www.skiclub-neunkirchen.de\/wp-content\/uploads\/2020\/10\/Uwe-Bild-HP-768x1365.jpg 768w, https:\/\/www.skiclub-neunkirchen.de\/wp-content\/uploads\/2020\/10\/Uwe-Bild-HP-864x1536.jpg 864w, https:\/\/www.skiclub-neunkirchen.de\/wp-content\/uploads\/2020\/10\/Uwe-Bild-HP-1152x2048.jpg 1152w, https:\/\/www.skiclub-neunkirchen.de\/wp-content\/uploads\/2020\/10\/Uwe-Bild-HP-scaled.jpg 1440w\" sizes=\"auto, (max-width: 128px) 100vw, 128px\" \/><\/p>\n<p><span style=\"font-family: verdana,geneva,sans-serif;\">Uwe Fiesser (Leiter Sportbetrieb)<\/span><br \/>\n<span style=\"font-family: verdana,geneva,sans-serif;\">E-Mail: <a href=\"mailto:sportbetrieb@skiclub-neunkirchen.de\">sportbetrieb@skiclub-neunkirchen.de<\/a><\/span><\/p>\n<hr \/>\n<p><img loading=\"lazy\" decoding=\"async\" class=\"alignnone wp-image-1506\" src=\"https:\/\/www.skiclub-neunkirchen.de\/wp-content\/uploads\/2024\/05\/Julius-200x300.png\" alt=\"\" width=\"132\" height=\"198\" srcset=\"https:\/\/www.skiclub-neunkirchen.de\/wp-content\/uploads\/2024\/05\/Julius-200x300.png 200w, https:\/\/www.skiclub-neunkirchen.de\/wp-content\/uploads\/2024\/05\/Julius-682x1024.png 682w, https:\/\/www.skiclub-neunkirchen.de\/wp-content\/uploads\/2024\/05\/Julius-768x1153.png 768w, https:\/\/www.skiclub-neunkirchen.de\/wp-content\/uploads\/2024\/05\/Julius-1023x1536.png 1023w, https:\/\/www.skiclub-neunkirchen.de\/wp-content\/uploads\/2024\/05\/Julius.png 1066w\" sizes=\"auto, (max-width: 132px) 100vw, 132px\" \/><\/p>\n<p><span style=\"font-family: verdana, geneva, sans-serif;\">Julius Lenk<\/span><br \/>\n<span style=\"font-family: verdana, geneva, sans-serif;\">Leiter Vereinsleben<\/span><br \/>\n<span style=\"font-family: verdana, geneva, sans-serif;\">Email: <a href=\"mailto:vereinsleben@skiclub-neunkirchen.de\">vereinsleben@skiclub-neunkirchen.de<\/a><\/span><\/p>\n<hr \/>\n<p><strong><span style=\"font-family: verdana, geneva, sans-serif;\">Erg\u00e4nzt wird das Vorstandsteam von den 7 Beir\u00e4tinnen und Beir\u00e4ten:<\/span><\/strong><\/p>\n<p><span style=\"font-family: verdana, geneva, sans-serif;\">Beir\u00e4tin &#8222;Mitgliederverwaltung&#8220;: Cornelia Macarei<\/span><br \/>\n<span style=\"font-family: verdana, geneva, sans-serif;\">Beirat &#8222;\u00dcbungsleiterabrechnung&#8220;: Eckhard J\u00fcnke<\/span><br \/>\n<span style=\"font-family: verdana, geneva, sans-serif;\">Beir\u00e4tin &#8222;Koordination&#8220;: Petra Habermann-Fiesser<\/span><br \/>\n<span style=\"font-family: verdana, geneva, sans-serif;\">Beir\u00e4tin &#8222;\u00d6ffentlichkeitsarbeit&#8220;: Klara Finger<\/span><br \/>\n<span style=\"font-family: verdana, geneva, sans-serif;\">Beirat &#8222;Sportbetrieb Outdoor&#8220;: Dieter Umlauft<\/span><br \/>\n<span style=\"font-family: verdana, geneva, sans-serif;\">Beir\u00e4tin &#8222;Veranstaltungen&#8220;: Annette Mirsberger<\/span><br \/>\n<span style=\"font-family: verdana, geneva, sans-serif;\">Beirat &#8222;IT&#8220;: Klaus Stecker<\/span><\/p>\n<p><span style=\"font-family: verdana, geneva, sans-serif;\">Zusammen bilden sie den sog. Vereinsausschuss.<\/span><\/p>\n<hr \/>\n<p><span style=\"font-family: verdana, geneva, sans-serif;\"><strong>Ehrenvorsitzende des 1. Skiclub Neunkirchen:<br \/>\n<\/strong><\/span><span style=\"font-family: verdana, geneva, sans-serif;\">Jimmy Ruth<br \/>\nEckhard J\u00fcnke<br \/>\n<\/span><\/p>\n<p><span style=\"font-family: verdana, geneva, sans-serif;\"><strong>Ehrenmitglieder des 1. Skiclub Neunkirchen:<br \/>\n<\/strong><\/span><span style=\"font-family: verdana, geneva, sans-serif;\">Horst Wagner<br \/>\nBeate Matheis<\/span><br \/>\n<span style=\"font-family: verdana, geneva, sans-serif;\">Carola Ruth<\/span><br \/>\n<span style=\"font-family: verdana, geneva, sans-serif;\">Ludwig Gebhardt<\/span><br \/>\n<span style=\"font-family: verdana, geneva, sans-serif;\">Helmut Martin<\/span><br \/>\n<span style=\"font-family: verdana, geneva, sans-serif;\">Manfred Mirsberger<\/span><br \/>\n<span style=\"font-family: verdana, geneva, sans-serif;\">Arnold Heide<\/span><\/p>\n","protected":false},"excerpt":{"rendered":"<p>1. Skiclub Neunkirchen Postfach 9 91075 Neunkirchen am Brand &nbsp; Sylvia Mehl\u00a0 (1. Vorsitzende) E-Mail: vorstand@skiclub-neunkirchen.de Christian Engelhard (2. Vorsitzender) E-Mail: vorstand@skiclub-neunkirchen.de Marius Macarei\u00a0(3. Vorsitzender &amp; Kassenwart) E-Mail: vorstand@skiclub-neunkirchen.de Niklas <a class=\"more-link\" href=\"https:\/\/www.skiclub-neunkirchen.de\/?page_id=169\">weiterlesen&#8230;<\/a><\/p>\n","protected":false},"author":1,"featured_media":0,"parent":0,"menu_order":12,"comment_status":"closed","ping_status":"closed","template":"","meta":{"footnotes":""},"class_list":["post-169","page","type-page","status-publish","hentry"],"_links":{"self":[{"href":"https:\/\/www.skiclub-neunkirchen.de\/index.php?rest_route=\/wp\/v2\/pages\/169","targetHints":{"allow":["GET"]}}],"collection":[{"href":"https:\/\/www.skiclub-neunkirchen.de\/index.php?rest_route=\/wp\/v2\/pages"}],"about":[{"href":"https:\/\/www.skiclub-neunkirchen.de\/index.php?rest_route=\/wp\/v2\/types\/page"}],"author":[{"embeddable":true,"href":"https:\/\/www.skiclub-neunkirchen.de\/index.php?rest_route=\/wp\/v2\/users\/1"}],"replies":[{"embeddable":true,"href":"https:\/\/www.skiclub-neunkirchen.de\/index.php?rest_route=%2Fwp%2Fv2%2Fcomments&post=169"}],"version-history":[{"count":90,"href":"https:\/\/www.skiclub-neunkirchen.de\/index.php?rest_route=\/wp\/v2\/pages\/169\/revisions"}],"predecessor-version":[{"id":1540,"href":"https:\/\/www.skiclub-neunkirchen.de\/index.php?rest_route=\/wp\/v2\/pages\/169\/revisions\/1540"}],"wp:attachment":[{"href":"https:\/\/www.skiclub-neunkirchen.de\/index.php?rest_route=%2Fwp%2Fv2%2Fmedia&parent=169"}],"curies":[{"name":"wp","href":"https:\/\/api.w.org\/{rel}","templated":true}]}}