{"id":171,"date":"2017-07-09T14:58:04","date_gmt":"2017-07-09T12:58:04","guid":{"rendered":"https:\/\/www.skiclub-neunkirchen.de\/?page_id=171"},"modified":"2024-05-14T16:27:02","modified_gmt":"2024-05-14T14:27:02","slug":"impressum","status":"publish","type":"page","link":"https:\/\/www.skiclub-neunkirchen.de\/?page_id=171","title":{"rendered":"Impressum"},"content":{"rendered":"<p><span style=\"font-family: verdana, geneva, sans-serif;\"><strong>Anbieter: <\/strong><\/span><span style=\"font-family: verdana, geneva, sans-serif;\"><strong>1. Skiclub Neunkirchen (1.SCN)<br \/>\n<\/strong><\/span><span style=\"font-family: verdana, geneva, sans-serif; font-size: 10pt;\">Postfach 9<br \/>\n<\/span><span style=\"font-family: verdana, geneva, sans-serif; font-size: 10pt;\">91075 Neunkirchen am Brand<br \/>\n<\/span><\/p>\n<p><span style=\"font-family: verdana, geneva, sans-serif;\"><strong>Sitz:<br \/>\n<\/strong><\/span><span style=\"font-family: verdana, geneva, sans-serif; font-size: 10pt;\">Amtsgericht Bamberg-Registergericht-, Vereinsregisternummer VR 10356<\/span><\/p>\n<p><span style=\"font-family: verdana, geneva, sans-serif;\"><strong>Umsatzsteuer-Identifikationsnummer:<br \/>\n<\/strong><\/span><span style=\"font-family: verdana, geneva, sans-serif; font-size: 10pt;\">216\/111\/70405<\/span><\/p>\n<p><strong><span style=\"font-family: verdana, geneva, sans-serif;\"><span style=\"font-size: 12pt;\">Vorstand<\/span>:<\/span><br \/>\n<\/strong><span style=\"font-size: 10pt; font-family: verdana, geneva, sans-serif;\">Sylvia Mehl<\/span><span style=\"font-size: 10pt; font-family: verdana, geneva, sans-serif;\"><br \/>\n<\/span><\/p>\n<p><strong><span style=\"font-size: 12pt; font-family: verdana, geneva, sans-serif;\">Vertretungsberechtigter Vorstand (\u00a7 26 BGB):<\/span><br \/>\n<\/strong><span style=\"font-size: 10pt; font-family: verdana, geneva, sans-serif;\">Christian Engelhard<br \/>\nMarius Macarei<\/span><span style=\"font-size: 10pt; font-family: verdana, geneva, sans-serif;\"><br \/>\n<\/span><\/p>\n<p>&nbsp;<\/p>\n<p><span style=\"font-family: verdana,geneva,sans-serif;\"><strong>Haftungsausschluss\/Disclaimer:<\/strong><\/span><\/p>\n<p style=\"margin-bottom: 12.0pt; background: white;\"><span style=\"font-family: verdana,geneva,sans-serif;\"><span style=\"font-size: 10pt;\"><span style=\"text-decoration: underline;\">Haftung f\u00fcr Inhalte<\/span><br \/>\n<\/span><span style=\"font-size: 10pt;\">Die Inhalte unserer Seiten wurden mit gr\u00f6\u00dfter Sorgfalt erstellt. F\u00fcr die Richtigkeit, Vollst\u00e4ndigkeit und Aktualit\u00e4t der Inhalte k\u00f6nnen wir jedoch keine Gew\u00e4hr \u00fcbernehmen. Als Diensteanbieter sind wir gem\u00e4\u00df \u00a7 7 Abs.1 TMG f\u00fcr eigene Inhalte auf diesen Seiten nach den allgemeinen Gesetzen verantwortlich. Nach \u00a7\u00a7 8 bis 10 TMG sind wir als Diensteanbieter jedoch nicht verpflichtet, \u00fcbermittelte oder gespeicherte fremde Informationen zu \u00fcberwachen oder nach Umst\u00e4nden zu forschen, die auf eine rechtswidrige T\u00e4tigkeit hinweisen. Verpflichtungen zur Entfernung oder Sperrung der Nutzung von Informationen nach den allgemeinen Gesetzen bleiben hiervon unber\u00fchrt. Eine diesbez\u00fcgliche Haftung ist jedoch erst ab dem Zeitpunkt der Kenntnis einer konkreten Rechtsverletzung m\u00f6glich. Bei bekannt werden von entsprechenden Rechtsverletzungen werden wir diese Inhalte umgehend entfernen.<\/span><\/span><\/p>\n<p><span style=\"font-family: verdana,geneva,sans-serif;\"><span style=\"font-size: 10pt;\"><span style=\"text-decoration: underline;\">Externe Links<br \/>\n<\/span><\/span><\/span><span style=\"font-family: verdana, geneva, sans-serif; font-size: 10pt;\">Zu Ihrer Information finden Sie auf unseren Seiten Links, die auf Seiten Dritter verweisen. Soweit dies nicht offensichtlich erkennbar ist, weisen wir Sie darauf hin, dass es sich um einen externen Link handelt. Die verantwortliche Stelle hat keinerlei Einfluss auf den Inhalt und die Gestaltung dieser Seiten anderer Anbieter. Die Garantien dieser Datenschutzerkl\u00e4rung gelten daher f\u00fcr externe Anbieter nicht.<\/span><\/p>\n<p style=\"margin-bottom: 12.0pt; background: white;\"><span style=\"font-family: verdana,geneva,sans-serif;\"><span style=\"font-size: 10pt;\"><span style=\"text-decoration: underline;\">Urheberrecht<\/span><br \/>\n<\/span><span style=\"font-size: 10pt;\">Die durch die Seitenbetreiber erstellten Inhalte und Werke auf diesen Seiten unterliegen dem deutschen Urheberrecht. Beitr\u00e4ge Dritter sind als solche gekennzeichnet. Die Vervielf\u00e4ltigung, Bearbeitung, Verbreitung und jede Art der Verwertung au\u00dferhalb der Grenzen des Urheberrechtes bed\u00fcrfen der schriftlichen Zustimmung des jeweiligen Autors bzw. Erstellers. Downloads und Kopien dieser Seite sind nur f\u00fcr den privaten, nicht kommerziellen Gebrauch gestattet. <\/span><span style=\"font-size: 10pt;\">Die Betreiber der Seiten sind bem\u00fcht, stets die Urheberrechte anderer zu beachten bzw. auf selbst erstellte sowie lizenzfreie Werke zur\u00fcckzugreifen.<\/span><\/span><\/p>\n<p>&nbsp;<\/p>\n<p><span style=\"font-family: verdana,geneva,sans-serif;\"><span style=\"font-size: 10pt;\">\u00a0<\/span><\/span><\/p>\n","protected":false},"excerpt":{"rendered":"<p>Anbieter: 1. Skiclub Neunkirchen (1.SCN) Postfach 9 91075 Neunkirchen am Brand Sitz: Amtsgericht Bamberg-Registergericht-, Vereinsregisternummer VR 10356 Umsatzsteuer-Identifikationsnummer: 216\/111\/70405 Vorstand: Sylvia Mehl Vertretungsberechtigter Vorstand (\u00a7 26 BGB): Christian Engelhard Marius <a class=\"more-link\" href=\"https:\/\/www.skiclub-neunkirchen.de\/?page_id=171\">weiterlesen&#8230;<\/a><\/p>\n","protected":false},"author":1,"featured_media":0,"parent":0,"menu_order":14,"comment_status":"closed","ping_status":"closed","template":"","meta":{"footnotes":""},"class_list":["post-171","page","type-page","status-publish","hentry"],"_links":{"self":[{"href":"https:\/\/www.skiclub-neunkirchen.de\/index.php?rest_route=\/wp\/v2\/pages\/171","targetHints":{"allow":["GET"]}}],"collection":[{"href":"https:\/\/www.skiclub-neunkirchen.de\/index.php?rest_route=\/wp\/v2\/pages"}],"about":[{"href":"https:\/\/www.skiclub-neunkirchen.de\/index.php?rest_route=\/wp\/v2\/types\/page"}],"author":[{"embeddable":true,"href":"https:\/\/www.skiclub-neunkirchen.de\/index.php?rest_route=\/wp\/v2\/users\/1"}],"replies":[{"embeddable":true,"href":"https:\/\/www.skiclub-neunkirchen.de\/index.php?rest_route=%2Fwp%2Fv2%2Fcomments&post=171"}],"version-history":[{"count":27,"href":"https:\/\/www.skiclub-neunkirchen.de\/index.php?rest_route=\/wp\/v2\/pages\/171\/revisions"}],"predecessor-version":[{"id":1541,"href":"https:\/\/www.skiclub-neunkirchen.de\/index.php?rest_route=\/wp\/v2\/pages\/171\/revisions\/1541"}],"wp:attachment":[{"href":"https:\/\/www.skiclub-neunkirchen.de\/index.php?rest_route=%2Fwp%2Fv2%2Fmedia&parent=171"}],"curies":[{"name":"wp","href":"https:\/\/api.w.org\/{rel}","templated":true}]}}