{"id":527,"date":"2018-06-22T12:48:58","date_gmt":"2018-06-22T10:48:58","guid":{"rendered":"https:\/\/www.skiclub-neunkirchen.de\/?page_id=527"},"modified":"2024-05-10T13:46:37","modified_gmt":"2024-05-10T11:46:37","slug":"datenschutz","status":"publish","type":"page","link":"https:\/\/www.skiclub-neunkirchen.de\/?page_id=527","title":{"rendered":"Datenschutz"},"content":{"rendered":"<p><span style=\"font-family: verdana, geneva, sans-serif; font-size: 12pt;\">Der 1.Skiclub Neunkirchen a. Br. (im Folgenden 1.SCN) nimmt als Anbieter der WebSite www.skiclub-neunkirchen.de und verantwortliche Stelle die Verpflichtung zum Datenschutz sehr ernst und gestaltet seine WebSite so, dass nur so wenige personenbezogene Daten wie n\u00f6tig erhoben, verarbeitet und genutzt werden. Unter keinen Umst\u00e4nden werden personenbezogene Daten zu Werbezwecken an Dritte vermietet oder verkauft. Ohne die ausdr\u00fcckliche Einwilligung des Besuchers werden keine personenbezogenen Daten f\u00fcr Werbe- oder Marketingzwecke genutzt. Zugriff auf personenbezogene Daten haben beim 1.SCN nur solche Personen, die diese Daten zur Durchf\u00fchrung ihrer Aufgaben innerhalb der verantwortlichen Stelle ben\u00f6tigen, die \u00fcber die gesetzlichen Bestimmungen zum Datenschutz informiert sind und sich gem\u00e4\u00df der geltenden gesetzlichen Bestimmungen (\u00a7 5 Bundesdatenschutzgesetzes [BDSG], bzw. Art. 5 der EU-Datenschutzgrundverordnung [EU-DSGVO]) verpflichtet haben, diese einzuhalten. Die Erhebung, Verarbeitung, Nutzung und \u00dcbermittlung der erhobenen personenbezogenen Daten erfolgt nach \u00a7 28 Abs. 1 und Abs. 3 BDSG, bzw., ab dem 25.05.2018, Art. 6. Abs. 1 EU-DSGVO, jeweils nur in dem Umfang, der f\u00fcr die Durchf\u00fchrung eines Vertragsverh\u00e4ltnisses zwischen dem 1.SCN, als verantwortlicher Stelle, und dem Besucher, als Betroffenem, erforderlich ist.<\/span><\/p>\n<p><span style=\"font-family: verdana, geneva, sans-serif; font-size: 12pt;\">Weitere Informationen &amp; Kontakte<\/span><br \/>\n<span style=\"font-family: verdana, geneva, sans-serif; font-size: 12pt;\">Wenn Sie weitere Fragen zum Thema \u201cDatenschutz bei der verantwortlichen Stelle\u201d haben, wenden Sie sich an den 1.SCN. Sie k\u00f6nnen erfragen, welche Ihrer Daten bei uns gespeichert sind. Dar\u00fcber hinaus k\u00f6nnen Sie Ausk\u00fcnfte, L\u00f6schungs- und Berichtigungsw\u00fcnsche zu Ihren Daten und gerne auch Anregungen jederzeit per Brief oder E-Mail an folgende Adresse senden:<\/span><\/p>\n<p><span style=\"font-family: verdana, geneva, sans-serif; font-size: 12pt;\">1.Skiclub Neunkirchen<\/span><br \/>\n<span style=\"font-family: verdana, geneva, sans-serif;\">Postfach 9<\/span><br \/>\n<span style=\"font-family: verdana, geneva, sans-serif; font-size: 12pt;\">91075 Neunkirchen am Brand<\/span><br \/>\n<span style=\"font-family: verdana, geneva, sans-serif; font-size: 12pt;\"><a href=\"mailto:vorstand@skiclub-neunkirchen.de\">vorstand@skiclub-neunkirchen.de<\/a><\/span><\/p>\n","protected":false},"excerpt":{"rendered":"<p>Der 1.Skiclub Neunkirchen a. Br. (im Folgenden 1.SCN) nimmt als Anbieter der WebSite www.skiclub-neunkirchen.de und verantwortliche Stelle die Verpflichtung zum Datenschutz sehr ernst und gestaltet seine WebSite so, dass nur <a class=\"more-link\" href=\"https:\/\/www.skiclub-neunkirchen.de\/?page_id=527\">weiterlesen&#8230;<\/a><\/p>\n","protected":false},"author":1,"featured_media":0,"parent":0,"menu_order":16,"comment_status":"closed","ping_status":"closed","template":"","meta":{"footnotes":""},"class_list":["post-527","page","type-page","status-publish","hentry"],"_links":{"self":[{"href":"https:\/\/www.skiclub-neunkirchen.de\/index.php?rest_route=\/wp\/v2\/pages\/527","targetHints":{"allow":["GET"]}}],"collection":[{"href":"https:\/\/www.skiclub-neunkirchen.de\/index.php?rest_route=\/wp\/v2\/pages"}],"about":[{"href":"https:\/\/www.skiclub-neunkirchen.de\/index.php?rest_route=\/wp\/v2\/types\/page"}],"author":[{"embeddable":true,"href":"https:\/\/www.skiclub-neunkirchen.de\/index.php?rest_route=\/wp\/v2\/users\/1"}],"replies":[{"embeddable":true,"href":"https:\/\/www.skiclub-neunkirchen.de\/index.php?rest_route=%2Fwp%2Fv2%2Fcomments&post=527"}],"version-history":[{"count":12,"href":"https:\/\/www.skiclub-neunkirchen.de\/index.php?rest_route=\/wp\/v2\/pages\/527\/revisions"}],"predecessor-version":[{"id":1539,"href":"https:\/\/www.skiclub-neunkirchen.de\/index.php?rest_route=\/wp\/v2\/pages\/527\/revisions\/1539"}],"wp:attachment":[{"href":"https:\/\/www.skiclub-neunkirchen.de\/index.php?rest_route=%2Fwp%2Fv2%2Fmedia&parent=527"}],"curies":[{"name":"wp","href":"https:\/\/api.w.org\/{rel}","templated":true}]}}